 - 12, s - y = -2*f + 5. List the prime factors of s.
2, 3
Suppose n = -n. Suppose -3*c + 21 = -n*c. What are the prime factors of c?
7
Suppose -7*o + 2*o = -15. Suppose -5*m = v - 0*m - 6, 3*v - o*m = 36. List the prime factors of v.
11
Let c(t) = -6*t - 3. Let s = -11 + 8. What are the prime factors of c(s)?
3, 5
Let n = -59 + 159. Suppose 0*q - 4*q = -n. Let u = q - 17. List the prime factors of u.
2
Suppose -378 = p - 7*p. What are the prime factors of p?
3, 7
Let l(z) = -3*z**3 - 2*z**2 + z + 1. Let d(s) = -s**3 + 1. Let a(x) = 2*d(x) - l(x). Let i be a(-3). Let c = -2 - i. List the prime factors of c.
3
Suppose 5*m - 375 = -0*m. Suppose 0 = 3*g - 0*g - 4*l - 22, -l + m = 5*g. List the prime factors of g.
2, 7
Let n(i) = -i**3 + 10*i**2 - 2*i + 4. List the prime factors of n(8).
2, 29
Let m(g) = -g**2 + 4*g - 3. Let d be m(3). Suppose d + 48 = 4*l. List the prime factors of l.
2, 3
Let g(z) = z**2 - 4*z + 2. Let j be g(7). Suppose -5*l + 35 + 20 = 0. Let m = j - l. What are the prime factors of m?
2, 3
Let l(z) = -z**3 - 16*z**2 + 18*z + 3. List the prime factors of l(-18).
3, 109
Suppose 5*m - 26 = 3*m. What are the prime factors of m?
13
Let b(p) = -p**3 - 7*p**2 + 9*p - 2. Let n = -18 - -10. Let c be b(n). List the prime factors of 37/7 + c/35.
5
Suppose 60*g = 57*g + 264. What are the prime factors of g?
2, 11
Let d(i) = 4*i - 4. Let f be d(4). Let n = f - -3. What are the prime factors of n?
3, 5
Let x(j) = -j**3 + 6*j**2 + 2. Let a = 24 - 12. Suppose a = 3*i - i. List the prime factors of x(i).
2
Let k(f) be the second derivative of -f**3/3 - 5*f**2/2 + f. Let i be k(-4). Let q(v) = v + 3. What are the prime factors of q(i)?
2, 3
Suppose 5*x + 17 = -4*a, -3*a + 4*x = 2*a + 11. Let r(c) be the first derivative of -3*c**2/2 + 3*c - 1. List the prime factors of r(a).
2, 3
Let o = 7 + -7. Suppose -2*s + o*s + 48 = 0. Let a = s - 16. List the prime factors of a.
2
Let u = -156 + 290. List the prime factors of u.
2, 67
Suppose 2*g = 7*g. Suppose -15 = 3*r - g. What are the prime factors of -3 + (2 - 3*r)?
2, 7
Let n be 2/11 + (-33374)/(-121). Suppose -6*f + n = -0*f. What are the prime factors of f?
2, 23
Suppose 2*g - 5 = 1. List the prime factors of g.
3
Suppose -2*s - 3*s - 65 = 0. Let g = 22 + s. What are the prime factors of (-6)/(1 - -2) + g?
7
Let t(l) = -l**2 - 3*l - 2. Let o be t(-4). Let g be 3/6 + o/(-4). Suppose -3*d = g*d - 15. List the prime factors of d.
3
Let a be -1 + 2 - 6/(-3). What are the prime factors of a/(-8)*-6*4?
3
Let q(s) = -7 + 5 - 4*s + 2. Let o be q(-1). Let r = 7 + o. What are the prime factors of r?
11
Suppose -b = -t + 14, -4*b = 2*t + 27 + 29. What are the prime factors of (-6)/(-21) + (-430)/b?
31
List the prime factors of 25*(3 + 0)/3.
5
Let x be 245*((-3)/1)/(-3). Suppose 4*s = t - 295, 3*t = -3*s - t - x. List the prime factors of 1/2 + s/(-10).
2
Let i = 13 - 4. What are the prime factors of i?
3
Let p(l) be the first derivative of l**2 - 4*l + 1. Suppose 3*t = -5*f + 9 + 8, 4*t + f = 17. What are the prime factors of p(t)?
2
Suppose -2*x - 4 = 8. Let l = 18 + x. List the prime factors of l.
2, 3
Let m(u) = -u**3 + 6*u**2 - 5*u + 5. Let c be m(5). Let x(s) = 3*s - 2 + 4 - c*s. What are the prime factors of x(-3)?
2
Let f(y) = 0 + 3 - 3*y + 3*y - y. List the prime factors of f(-7).
2, 5
List the prime factors of (-2)/3 - 840/(-45).
2, 3
Suppose n = 2 - 4, -3*k = -n - 218. List the prime factors of k.
2, 3
Suppose 5*h - h - 36 = 0. Suppose -h = -3*k - 0. What are the prime factors of k?
3
What are the prime factors of (-19)/3*((-216)/3)/6?
2, 19
List the prime factors of 266 + -2 - 3*(4 - 5).
3, 89
Suppose -3*z + 8*z = 4*a - 1, -3*a - z = -15. Suppose i = a*f + 15, 3*i + f - 8 = 11. What are the prime factors of i?
7
Let r be (1 + 0)*(-2)/2. Let a be 0*(r - 2/(-4)). Suppose -4*p - 2*o = -48, a*o - 4*o = -16. What are the prime factors of p?
2, 5
Let n = -178 - -112. List the prime factors of (n/(-18))/((-1)/(-3)).
11
Suppose 0*a + a - 3*d = -2, 3*a + d + 6 = 0. Let h = -1 + a. List the prime factors of (2 + -1)*20 + h.
17
Let g = -5 - -3. Let u = g - -12. What are the prime factors of u?
2, 5
Suppose -3 + 19 = 4*r. Suppose 0 = r*s - 7*s + 36. What are the prime factors of s?
2, 3
Let i(r) = 3 - 3 - 21*r. Let d be i(-3). List the prime factors of (2/6)/(3/d).
7
Suppose x + 10 = 3*x + 2*g, 0 = -3*g + 9. Suppose 40 = 3*y - 4*l - l, x*y - 16 = -2*l. Let o = 14 - y. What are the prime factors of o?
2
Let h(f) = -f**3 + 6*f**2 + 2*f - 8. Let n be h(6). Let w(d) = 1 + 0 - n*d + 3*d. List the prime factors of w(-3).
2
Suppose 0 = 2*o - 6 + 20. Let g = o + 17. What are the prime factors of g?
2, 5
Suppose 5*x - 5 = 15. Suppose -a + 5*g + 3 = -6, -a = x*g - 18. List the prime factors of a.
2, 7
Let k(u) = -u**3 + 15*u**2 - 15*u - 7. List the prime factors of k(13).
2, 17
Suppose -3*z + 5*h - 11 = 0, z = 3*z - 3*h + 6. Suppose -5*b = 15, z = o + b + 2. Suppose 0 = o*w - d - 23, w + 5*d = 6*w - 40. List the prime factors of w.
5
Let x(l) = -3*l**2 - 38*l - 16. Let s(z) = z**2 + 13*z + 5. Let n(a) = 8*s(a) + 3*x(a). Let q = -24 + 16. List the prime factors of n(q).
2
Suppose 0 = y - 25 + 32. List the prime factors of (-8 - (3 + y)) + 14.
2, 5
Let v(r) = 6*r - 2*r**2 - r**2 - 3*r**2 - r**2 + r**3 + 3. List the prime factors of v(6).
3
Let t = 9 - 16. Let m = 13 + t. What are the prime factors of m?
2, 3
Let t be (-28)/(-6) + 1/3. Suppose 2*d = -5*q, t*q + 0*d = 3*d - 25. What are the prime factors of 14 + q - 1 - 2?
3
Let v(y) = -7*y - 36. List the prime factors of v(-12).
2, 3
Suppose 2*r + 5*n = -5 - 0, -5*r = 3*n + 3. Let v be (2/(-4) + r)*28. Let f = -6 - v. What are the prime factors of f?
2
Suppose 0 = -4*p + 2*p - 20. List the prime factors of (-126)/(-10) + (-4)/p.
13
Suppose -4*o = p + 10, 0 = -5*o - 2*p + 3*p - 17. List the prime factors of (o/9)/(1/(-24)).
2
Suppose 5*h - 401 = -11. What are the prime factors of h?
2, 3, 13
Let c = 4 + -9. Let h(p) = p**2 + 4*p - 3. Let v be h(c). Suppose v*f = 5*f - 42. List the prime factors of f.
2, 7
Let l(s) = -s**2 - 7*s + 7. Let y be l(-7). Let b = y - 5. Suppose 3 + b = p. List the prime factors of p.
5
Let r(o) = o**3 - o**2 - 3*o - 4. What are the prime factors of r(4)?
2
List the prime factors of (-27)/5*(-12 + 7).
3
Let d = 9 + 2. List the prime factors of d.
11
Let w = 0 + 5. Suppose -2*t + t = -w. List the prime factors of t.
5
Let t be 2*((-2)/1 - -4). Let p(i) = -i**3 + 6*i**2 - 4*i + 6. List the prime factors of p(t).
2, 11
Suppose -17 - 8 = -5*u, 3*u = k + 3. Let a = k + 18. List the prime factors of a.
2, 3, 5
Suppose 2*o = 10, -3*v + 35 = 5*o - o. Suppose 2*f = v - 1. List the prime factors of 132/9 + f/6.
3, 5
Let d = -7 + 9. Suppose -3*z - d*z = -70. List the prime factors of z.
2, 7
Let x = 30 + -25. Suppose -3*w - 28 + 85 = 2*z, 0 = -x*w + z + 82. What are the prime factors of w?
17
Suppose 2*t + 7 = -3. List the prime factors of 0/((-2)/(-2)) - t.
5
Let g(f) = 12 - 4*f - 2 - f + 1. List the prime factors of g(-8).
3, 17
Let a(h) be the first derivative of h**5/30 - 2*h**3/3 - h**2 - 4. Let v(g) be the second derivative of a(g). What are the prime factors of v(3)?
2, 7
Let q(y) = -y**3 + 12*y**2 - 15*y - 16. List the prime factors of q(7).
2, 31
Suppose -3*d = o - 881, 4*d - 925 = 5*o + 218. List the prime factors of d.
2, 73
Suppose -2*r - 16 = -112. What are the prime factors of r?
2, 3
Let t = 2 - 5. Let z(k) = -7*k**2 - 1 + 2*k + 7*k**2 + k**2. List the prime factors of z(t).
2
Let n be 4/((-1)/((-2)/(-4))). What are the prime factors of (-5)/(-2) - n/(-4)?
2
Suppose 2*v + 2*t - 14 = -0*v, 0 = -4*v + 5*t + 64. Let z(o) = v - 2*o**2 - 10*o + 3*o**2 - 3 + 2. What are the prime factors of z(10)?
2, 5
Let w(n) be the second derivative of n**4/6 + 2*n**3/3 + n**2 - 4*n. Let s(d) = d**3 + 5*d**2 + d + 3. Let q be s(-5). What are the prime factors of w(q)?
2
Let l be (-202)/(-6) + 2/6. Suppose 5*n - l - 41 = 0. What are the prime factors of n?
3, 5
What are the prime factors of ((-112)/49)/8 - (-186)/14?
13
Let c be 21/2*2/(-3). List the prime factors of (c + 6)*(-17 + 1).
2
Suppose 3*l + 0*l - 87 = -3*a, -a + 23 = -2*l. Let t = a - -2. What are the prime factors of t?
29
Suppose -z + 3*o = 3, 23 = -z - 2*z + 2*o. List the prime factors of (8/3)